 - -44?
-2020042
In base 4, what is -23033211 + 131?
-23033020
In base 6, what is -23033 + -151?
-23224
In base 2, what is -1001011 - -1000111010011?
1000110001000
In base 2, what is 1100101 + -111111101000?
-111110000011
In base 13, what is -134 + 451?
31a
In base 14, what is 4147a + -3?
41477
In base 4, what is 2 + 210200013?
210200021
In base 16, what is 4 + -fef19?
-fef15
In base 10, what is 10 + 21533?
21543
In base 13, what is -303 + -a48?
-104b
In base 15, what is -7 - -22de3?
22ddb
In base 15, what is -1e2 - -e48?
c56
In base 16, what is -10 + -61ff5?
-62005
In base 8, what is 6365 + -6?
6357
In base 9, what is 1825 + -312?
1513
In base 15, what is 18 - -26a?
283
In base 8, what is -11323040 - 5?
-11323045
In base 4, what is 2023221 - -11?
2023232
In base 7, what is 106 + -3355?
-3246
In base 10, what is -26 + 26021?
25995
In base 12, what is -1b - -155a?
153b
In base 2, what is -111 + -10000000011101000?
-10000000011101111
In base 5, what is 413332 + 0?
413332
In base 15, what is 115 - -4b8?
5cd
In base 11, what is -1 + -58aa04?
-58aa05
In base 8, what is 6 - 67454?
-67446
In base 3, what is -10021011 - 1020?
-10022101
In base 10, what is -70 - -570?
500
In base 7, what is -423 - 20126?
-20552
In base 2, what is -110001 - 10000000010011?
-10000001000100
In base 3, what is 100101 - 1120?
21211
In base 14, what is -21a9 + -3c?
-2207
In base 11, what is -79053 - 1?
-79054
In base 3, what is 0 + -220211121212?
-220211121212
In base 9, what is -185062 + 2?
-185060
In base 3, what is 2022 - -120220?
200012
In base 2, what is 1010111101010010 + -1?
1010111101010001
In base 13, what is 47303 - -5?
47308
In base 10, what is 2 + 11098?
11100
In base 10, what is -9 - 67937?
-67946
In base 11, what is -402 - 787?
-1089
In base 3, what is 2212101 - -221120?
10210221
In base 8, what is 36346 - 1?
36345
In base 14, what is -170d9 + -9?
-17104
In base 2, what is -100 + 11110010000?
11110001100
In base 11, what is -5 - -2315?
2310
In base 6, what is 133140 - 0?
133140
In base 4, what is -12322202 + 2301?
-12313301
In base 12, what is -659b93 + -2?
-659b95
In base 11, what is -15375 + -2?
-15377
In base 8, what is -11617 + -74?
-11713
In base 9, what is -3 + -133802?
-133805
In base 10, what is 62 + -48729?
-48667
In base 6, what is 124044 + 330?
124414
In base 4, what is -2123331200 - 1?
-2123331201
In base 12, what is -5237 + -6?
-5241
In base 14, what is 13bd - -2?
13c1
In base 7, what is 45 + -2340?
-2262
In base 2, what is -11010111000 - 100?
-11010111100
In base 5, what is 444340 + -3?
444332
In base 2, what is -1101101111101111 + -1?
-1101101111110000
In base 13, what is -a3 + -c2?
-195
In base 15, what is 1646 - -400?
1a46
In base 10, what is 499 + -247?
252
In base 13, what is 18 - -275b?
2776
In base 9, what is -30 - -246?
216
In base 12, what is 4 + 4b6b?
4b73
In base 11, what is -2aa - -4874?
4575
In base 3, what is 1011 - 10120212221?
-10120211210
In base 13, what is 528b - -147?
5405
In base 11, what is -24 - -612?
599
In base 13, what is -40c0 - 14?
-4104
In base 7, what is -1141 + -1215?
-2356
In base 14, what is 957a - -4?
9580
In base 14, what is 6c0 - -3d?
71d
In base 14, what is -1cbba + 22?
-1cb98
In base 4, what is 11 - -12021110020?
12021110031
In base 4, what is -11313132113 + 1?
-11313132112
In base 6, what is -245 + -20?
-305
In base 9, what is -2 - -224176?
224174
In base 5, what is -12 + -1420013?
-1420030
In base 16, what is -4fb62 - 6?
-4fb68
In base 10, what is 2 + 365355?
365357
In base 5, what is 230141 + -13?
230123
In base 2, what is -101111100110011 + -101?
-101111100111000
In base 14, what is 2 + bc87?
bc89
In base 9, what is 37371 - 16?
37354
In base 8, what is 55320 - 3?
55315
In base 7, what is -134 + -5016?
-5153
In base 7, what is 5 - 15420642?
-15420634
In base 6, what is 231 + -254?
-23
In base 13, what is -147 + 821?
6a7
In base 7, what is -140035 + 5?
-140030
In base 14, what is -3 + 13092b?
130928
In base 16, what is -2 - 108b2?
-108b4
In base 4, what is -20020200303 - -3?
-20020200300
In base 9, what is -1203 + 53?
-1140
In base 13, what is -b36b - 2?
-b370
In base 15, what is -7 - 2296?
-229d
In base 5, what is -114440210 - -3?
-114440202
In base 7, what is 11 + -10015?
-10004
In base 6, what is -305 - 303121?
-303430
In base 6, what is -3532 - -5335?
1403
In base 6, what is -100304 + 32?
-100232
In base 2, what is 10000 + 1011?
11011
In base 16, what is -167 - 11d?
-284
In base 4, what is 1002 + -1322?
-320
In base 10, what is -1656 - -77?
-1579
In base 12, what is -118 - -2957?
283b
In base 16, what is c32f + 5?
c334
In base 14, what is -1c95 - 19?
-1cb0
In base 8, what is -21574 + 20?
-21554
In base 9, what is -8516 - 70?
-8586
In base 5, what is 30 + -3203243?
-3203213
In base 11, what is 7 + 3204?
3210
In base 4, what is -1213 - -1213?
0
In base 6, what is -144 + 33500?
33312
In base 11, what is 417 + -1693?
-1277
In base 3, what is 11 - 20111010000?
-20111002212
In base 11, what is 5a65 + -80?
5995
In base 13, what is 7b73 + 1?
7b74
In base 8, what is -1263225 - -4?
-1263221
In base 4, what is 10 - -33030220?
33030230
In base 4, what is -332 + -2333?
-3331
In base 9, what is 312404 + 5?
312410
In base 6, what is -5042 - -12041?
2555
In base 10, what is 15297 - 2?
15295
In base 15, what is 54d83 - 5?
54d7d
In base 3, what is -2100 - 11022011?
-11101111
In base 11, what is 336270 - 3?
336268
In base 13, what is -4 - -1c081?
1c07a
In base 7, what is -3 - 126060?
-126063
In base 2, what is -101 + 100011000110011?
100011000101110
In base 14, what is -bad20b - -2?
-bad209
In base 4, what is -1102203322 + 10?
-1102203312
In base 2, what is 100011011111000101 + 1000?
100011011111001101
In base 15, what is 552 + -6?
54b
In base 13, what is -39c + -b?
-3aa
In base 12, what is 8 + 1945?
1951
In base 9, what is -2 - -148780?
148777
In base 5, what is -1 + -313430?
-313431
In base 2, what is -101 - -111001110111110010?
111001110111101101
In base 15, what is -109a + -4a?
-10e5
In base 5, what is 22040 - 1012?
21023
In base 16, what is -2a18 - 6a?
-2a82
In base 8, what is -1 - -237?
236
In base 12, what is -a9b2 + 10b?
-a8a3
In base 2, what is 10101 + -110111011101?
-110111001000
In base 14, what is 70a30 + 2?
70a32
In base 5, what is 1342224 + 11?
1342240
In base 14, what is 458 + -771?
-317
In base 11, what is 26 + -11a10?
-11995
In base 4, what is -321 + 11011?
10030
In base 11, what is 15543 - 4?
1553a
In base 15, what is -1a091 - -1?
-1a090
In base 6, what is 352 - -21431?
22223
In base 15, what is -238 - 2a7?
-4e0
In base 4, what is -230233312 + 0?
-230233312
In base 3, what is -2011121 + 222?
-2010122
In base 14, what is 1133b - 3?
11338
In base 16, what is 2160 + -1?
215f
In base 7, what is -411026 + -2?
-411031
In base 2, what is -100100 - 1111010011?
-1111110111
In base 15, what is -e7c + 5?
-e77
In base 16, what is 3de0e - -4?
3de12
In base 2, what is -111110101000000010 - -1100?
-111110100111110110
In base 8, what is 7516 + -4?
7512
In base 8, what is -1420 + -2?
-1422
In base 15, what is 200 - -d79?
1079
In base 7, what is 235 - -11253?
11521
In base 10, what is -7203 - -100?
-7103
In base 7, what is -1433024 + 10?
-1433014
In base 9, what is 22164 + 66?
22241
In base 2, what is 10110 + 10011010011?
10011101001
In base 16, what is -33f - -3bd?
7e
In base 5, what is 3 + -14331344?
-14331341
In base 10, what is 507 + -77?
430
In base 14, what is 10 - 1112?
-1102
In base 9, what is -7 + 2582?
2574
In base 2, what is -11111011100110 + -11?
-11111011101001
In base 8, what is -10 + 14241?
14231
In base 10, what is -287659 + -3?
-287662
In base 4, what is -3 - 1232332310?
-1232332313
In base 16, what is d9485 + -5?
d9480
In base 3, what is -2102212210 - -11?
-2102212122
In base 14, what is -1a - 4a761?
-4a77b
In base 4, what is 23 - -22221311?
22222000
In base 15, what is a4 - a9a8?
-a904
In base 2, what is -1110111 - 1111110011011?
-10000000010010
In base 4, what is 331 + 3211?
10202
In base 13, what is -4 + 298b3?
298ac
In base 10, what is 50501 - -1?
50502
In base 14, what is 5 + -3c35?
-3c30
In base 13, what is -3c6 + -46?
-43c
In base 7, what is 12 + -54410?
-54365
In base 6, what is 233 + -32014?
-31341
In base 6, what is -20 - 12201?
-12221
In base 9, what is -3038253 + -1?
-3038254
In base 4, w